1 - 122?
-2000
In base 16, what is -2ae - 1?
-2af
In base 8, what is -3533 + 5?
-3526
In base 15, what is -3 + -272?
-275
In base 14, what is -1 + -46?
-47
In base 14, what is -11 - -20?
d
In base 11, what is 4 - 78?
-74
In base 13, what is 2469 + 0?
2469
In base 11, what is -3 - -1576?
1573
In base 10, what is 1 - -4462?
4463
In base 2, what is 10001001110 + -11?
10001001011
In base 2, what is -1011100101000 + -1?
-1011100101001
In base 15, what is 4 - 8e?
-8a
In base 11, what is -2463 + -2?
-2465
In base 3, what is 110012112 - -1?
110012120
In base 15, what is -5 + 9a?
95
In base 11, what is -4 - -1064?
1060
In base 15, what is -1 - 1c6?
-1c7
In base 9, what is -1471 - 10?
-1481
In base 4, what is -3 + 1120?
1111
In base 16, what is -1 - -5f?
5e
In base 15, what is -6 - 31?
-37
In base 16, what is -c + 2e?
22
In base 8, what is -2 - -1234?
1232
In base 11, what is 204 - -17?
220
In base 12, what is 123 - -3?
126
In base 6, what is -1 - -423?
422
In base 9, what is -11432 + -2?
-11434
In base 3, what is -2001022 + -11?
-2001110
In base 2, what is -11011000001 + 101?
-11010111100
In base 7, what is -12130 + 0?
-12130
In base 4, what is -3223 + 103?
-3120
In base 2, what is 100 - 110000?
-101100
In base 3, what is -12010 - 20000?
-102010
In base 8, what is 120 + 0?
120
In base 11, what is a - -301?
310
In base 5, what is 0 - -214?
214
In base 8, what is 216 + -1?
215
In base 10, what is -37 + 21?
-16
In base 3, what is -222 + -21?
-1020
In base 5, what is 30 - -13?
43
In base 13, what is -3 + -9a?
-a0
In base 12, what is -a5 + -5?
-aa
In base 8, what is 2060 - -3?
2063
In base 3, what is -2 - -1021?
1012
In base 10, what is 1491 - 0?
1491
In base 9, what is 5 - -20?
25
In base 7, what is -1 + 54?
53
In base 6, what is -1 + -1103?
-1104
In base 6, what is -1234 - -30?
-1204
In base 12, what is -1 + -467?
-468
In base 13, what is -b - 836?
-844
In base 9, what is 0 - 1?
-1
In base 14, what is -1c - 4b?
-69
In base 13, what is 1 + 498?
499
In base 16, what is -56c - -3?
-569
In base 2, what is -11 - -101101101111?
101101101100
In base 11, what is -407 + 3?
-404
In base 10, what is -23 + 44?
21
In base 15, what is 56 + 2?
58
In base 12, what is 0 + a?
a
In base 5, what is -3 + 13104?
13101
In base 14, what is 2 - -7?
9
In base 13, what is -13 + 7?
-9
In base 6, what is 5 - -230?
235
In base 4, what is -11 - 1230?
-1301
In base 15, what is 33e - -14?
353
In base 12, what is -435 + 2?
-433
In base 7, what is -3 - 150?
-153
In base 3, what is 2200210 + 0?
2200210
In base 4, what is 10 - -131113?
131123
In base 8, what is 14 - -5?
21
In base 2, what is 1010011 - 0?
1010011
In base 3, what is -112 + 20012?
12200
In base 9, what is 3 + -43?
-40
In base 10, what is -6 - -1?
-5
In base 5, what is 130 + -3?
122
In base 10, what is 56 - -22?
78
In base 4, what is 11 - 2310?
-2233
In base 5, what is -10 + -24412?
-24422
In base 7, what is 56301 + 5?
56306
In base 12, what is b1 - 2?
ab
In base 12, what is -32 + 35?
3
In base 2, what is -1010001 - -10010?
-111111
In base 14, what is 3a8 + 5?
3ad
In base 12, what is 330 + -4?
328
In base 13, what is 3b - 49?
-b
In base 14, what is -5 + 81?
7a
In base 6, what is 4 - -1105?
1113
In base 8, what is 132 - -20?
152
In base 3, what is 2201011 - 10?
2201001
In base 11, what is -628 - -2?
-626
In base 4, what is 0 + -1130?
-1130
In base 4, what is 0 + 202?
202
In base 16, what is -3 - 6b?
-6e
In base 15, what is -1 + -cd?
-ce
In base 7, what is -42 - 44?
-116
In base 12, what is 13 - -570?
583
In base 14, what is 8 - -11d?
127
In base 4, what is -1 + 323?
322
In base 16, what is 2 + -71?
-6f
In base 13, what is -11 + -4?
-15
In base 3, what is 110221 + -10?
110211
In base 7, what is 430 + 5?
435
In base 10, what is 0 - 0?
0
In base 11, what is -2 + 1a2?
1a0
In base 15, what is -2 - -78?
76
In base 14, what is -5 + b95?
b90
In base 11, what is -13a5 - 7?
-1401
In base 6, what is -2 - 200?
-202
In base 6, what is -35114 + -1?
-35115
In base 11, what is -1 - -5242?
5241
In base 13, what is 3 + -13?
-10
In base 14, what is a0 - -1?
a1
In base 11, what is -55 + 4?
-51
In base 7, what is -21 + 11?
-10
In base 10, what is -8 + 100?
92
In base 10, what is -19332 - 5?
-19337
In base 13, what is 1489 + 4?
1490
In base 2, what is -110 + -11?
-1001
In base 15, what is -29 - 7?
-31
In base 6, what is 2045 - 10?
2035
In base 3, what is 10221002 + -1?
10221001
In base 3, what is -21001 - -200?
-20101
In base 6, what is 2 + 11123?
11125
In base 9, what is -13 - 120?
-133
In base 16, what is -5 - -1e?
19
In base 14, what is -600 - -4?
-5da
In base 11, what is -191 - -1?
-190
In base 13, what is -3 - -128?
125
In base 9, what is 3 - -848?
852
In base 8, what is -34 + -264?
-320
In base 16, what is 8 + -23?
-1b
In base 5, what is 343 + -23?
320
In base 7, what is -1 + 54?
53
In base 2, what is -100000101 - 0?
-100000101
In base 10, what is 3 + -3?
0
In base 12, what is 1 - -11?
12
In base 13, what is 456 - 3?
453
In base 16, what is -2d6d + -1?
-2d6e
In base 3, what is -101222002 + -11?
-101222020
In base 5, what is 40301 - 2?
40244
In base 14, what is 5 - c?
-7
In base 4, what is -1301 - -10?
-1231
In base 12, what is 14 + 8?
20
In base 12, what is -38 - 146?
-182
In base 10, what is 2 - -685?
687
In base 14, what is -1 + -89b?
-89c
In base 5, what is -343312 + 1?
-343311
In base 7, what is -100 + 411?
311
In base 10, what is 629 + 5?
634
In base 6, what is 10151 - 5?
10142
In base 3, what is 10 - 2222?
-2212
In base 16, what is 3 - -5?
8
In base 15, what is 0 + e8?
e8
In base 14, what is -5 - 34?
-39
In base 9, what is 140 + 4?
144
In base 4, what is -13121 - -3?
-13112
In base 7, what is -10 + 3?
-4
In base 3, what is 10 - -1101?
1111
In base 9, what is -35 - 362?
-407
In base 7, what is -416 + -15?
-434
In base 3, what is -100012 + 12?
-100000
In base 8, what is -422 - -2?
-420
In base 6, what is 20 - 313?
-253
In base 2, what is 101 + -111001111?
-111001010
In base 7, what is 0 + 113?
113
In base 7, what is 14042 + 1?
14043
In base 7, what is -6 + 64?
55
In base 16, what is -4eb + 0?
-4eb
In base 5, what is 3 - -1?
4
In base 16, what is 2 + -5f7?
-5f5
In base 7, what is -25115 + 4?
-25111
In base 12, what is 15b + 0?
15b
In base 13, what is -84 - -7?
-7a
In base 12, what is 1 - 40?
-3b
In base 16, what is -2 + -7f?
-81
In base 14, what is 1 - 63?
-62
In base 11, what is 0 - -66a?
66a
In base 11, what is -19 - 3?
-21
In base 9, what is -5 + 25?
20
In base 3, what is 210 - 11202?
-10222
In base 16, what is c7 + -3?
c4
In base 14, what is -4a6 - -2?
-4a4
In base 7, what is 2 + 36?
41
In base 2, what is -11 - 101?
-1000
In base 6, what is 203 - -2005?
2212
In base 11, what is -5 - -33?
29
In base 12, what is -53 + 12?
-41
In base 4, what is 111012 + -102?
110310
In base 9, what is 42 + 21?
63
In base 12, what is -4 - -91?
89
In base 6, what is -4 - -235?
231
In base 16, what is -1 - -1c?
1b
In base 6, what is 40 - 24?
12
In base 8, what is 210 + 6?
216
In base 9, what is 132 - 13?
118
In base 13, what is -2 - -27?
25
In base 10, what is -3 - 139?
-142
In base 5, what is 230 + -10?
220
In base 4, what is -101310 + 3?
-101301
In base 7, what is 234 - 3?
231
In base 9, what is 3 + -146?
-143
In base 13, what is -3 - -3c?
39
In base 11, what is -53 + -2?
-55
In base 12, what is 0 - 9b?
-9b
In base 7, what is 0 - 204?
-204
In base 14, what is -30 + -8?
-38
In base 13, what is 1 + 74?
75
In base 10, what is -3 - -110?
107
In base 11, what is -a - 1715?
-1724
In base 8, what is -15 - 7?
-24
In base 15, what is 2 - 598?
-596
In base 16, what is 0 - 1f8b?
-1f8b
In base 2, what is -11 - -1010100111?
1010100100
In base 10, what is -185 + -5?
-190
In base 15, what is 3 - 14?
-11
In base 8, what is 3 + -60?
-55
In base 5, what is -400 - -1?
-344
In base 2, what is 11001011 - 100000?
10101011
In base 14, what is -a2 - 0?
-a2
In base 13, what is -1107 + -2?
-1109
In base 12, what is 94a - a?
940
In base 15, what is -62 + 88?
26
In base 5, what is 0 + -34442?
-34442
In base 12, what is 5 + 425?
42a
In base 3, what is 1001111 - -10?
1001121
In base 10, what is -10368 + -2?
-10370
In base 2, what is -100 + -1111111?
-10000011
In base 15, what is 2 - -e85?
e87
In base 3, what is -11 - 2201011?
-2201022
In base 14, what is -2 + -58c?
-590
In base 6, w